{"id":88,"date":"2025-09-15T18:20:13","date_gmt":"2025-09-15T16:20:13","guid":{"rendered":"https:\/\/xn--art-thrapie33-ghb.fr\/?page_id=88"},"modified":"2026-02-26T15:07:27","modified_gmt":"2026-02-26T14:07:27","slug":"lart-therapie-contemporaine","status":"publish","type":"page","link":"https:\/\/xn--art-thrapie33-ghb.fr\/index.php\/lart-therapie-contemporaine\/","title":{"rendered":"Qui suis-je?"},"content":{"rendered":"\n<figure class=\"wp-block-image size-full is-resized\"><img loading=\"lazy\" decoding=\"async\" width=\"2045\" height=\"1725\" src=\"https:\/\/xn--art-thrapie33-ghb.fr\/wp-content\/uploads\/2026\/02\/1000019632-bis-plus-couleurs-plus-chaleur-avec-encore-moins-de-nettete.jpg\" alt=\"\" class=\"wp-image-405\" style=\"width:163px;height:auto\" srcset=\"https:\/\/xn--art-thrapie33-ghb.fr\/wp-content\/uploads\/2026\/02\/1000019632-bis-plus-couleurs-plus-chaleur-avec-encore-moins-de-nettete.jpg 2045w, https:\/\/xn--art-thrapie33-ghb.fr\/wp-content\/uploads\/2026\/02\/1000019632-bis-plus-couleurs-plus-chaleur-avec-encore-moins-de-nettete-300x253.jpg 300w, https:\/\/xn--art-thrapie33-ghb.fr\/wp-content\/uploads\/2026\/02\/1000019632-bis-plus-couleurs-plus-chaleur-avec-encore-moins-de-nettete-1024x864.jpg 1024w, https:\/\/xn--art-thrapie33-ghb.fr\/wp-content\/uploads\/2026\/02\/1000019632-bis-plus-couleurs-plus-chaleur-avec-encore-moins-de-nettete-768x648.jpg 768w, https:\/\/xn--art-thrapie33-ghb.fr\/wp-content\/uploads\/2026\/02\/1000019632-bis-plus-couleurs-plus-chaleur-avec-encore-moins-de-nettete-1536x1296.jpg 1536w\" sizes=\"auto, (max-width: 2045px) 100vw, 2045px\" \/><\/figure>\n\n\n\n<p>Armelle Cuisinier<\/p>\n\n\n\n<p>Je suis art-th\u00e9rapeute contemporaine (Certificat de niveau 6 au <a href=\"https:\/\/www.francecompetences.fr\/?format=fr&amp;fiche=13091\">RNCP<\/a> reconnu par l\u2019Etat &#8211; Formation <a href=\"https:\/\/www.artherapie.com\/\">Profac<\/a> sous la Direction de Jean-Pierre et Fabienne Royol), musicoth\u00e9rapeute (Certifi\u00e9e &#8211; Formation <a href=\"https:\/\/ateliers-ambx.net\/\">Ambx<\/a>) et \u00e9ducatrice sp\u00e9cialis\u00e9e (DEES)<\/p>\n\n\n\n<p><a href=\"https:\/\/www.artherapeutes.com\/Cuisinier-Armelle_a95.html\">Annuaires des art-th\u00e9rapeutes professionnels<\/a><\/p>\n\n\n\n<p><\/p>\n\n\n\n<p>Forte de mon exp\u00e9rience professionnelle en tant qu\u2019\u00e9ducatrice sp\u00e9cialis\u00e9e dans le domaine m\u00e9dico-social, aupr\u00e8s de personnes fragiles (adultes, enfants, adolescents), j\u2019exerce l\u2019art-th\u00e9rapie contemporaine \u00a9 depuis 2018 en cabinet priv\u00e9 et dans diverses Institutions du champ du soin, avec le statut d&rsquo;auto-entrepreneur (<em>Micro-entreprise \u00ab&nbsp;L\u2019Air de rien&nbsp;\u00bb<\/em> &#8211;<em>N\u00b0 de SIRET&nbsp;: 839 711 025 00016<\/em>.)<\/p>\n\n\n\n<p>Je mets \u00e9galement en place des ateliers d\u2019expression cr\u00e9ative et de m\u00e9diation artistique en Institutions, notamment en musicoth\u00e9rapie.<\/p>\n\n\n\n<p>Investie dans la recherche \u00e0 partir de la clinique, j\u2019organise, depuis 2018, des r\u00e9unions de travail en tant que d\u00e9l\u00e9gu\u00e9e Nouvelle Aquitaine de la <a href=\"https:\/\/artherapie.levillage.org\/\">LPAT<\/a> (Ligue Professionnelle d\u2019Art-Th\u00e9rapie).<\/p>\n\n\n\n<p>Je suis en formation continue et suis intervenue dans des colloques : Syndromes de stress post-traumatique (Direction Enfance Famille de la Gironde), Intervenante aux tables rondes des Journ\u00e9es d&rsquo;automne 2024 la <a href=\"https:\/\/www.sfpeat.com\/\">SFPE-AT<\/a> (Soci\u00e9t\u00e9 Fran\u00e7aise de Psychopathologie de l\u2019Expression et d&rsquo;Art-Th\u00e9rapie) &#8211; texte \u00e9laboratif paru dans la 1\u00e8re revue num\u00e9rique \u00ab\u00a0Carnet de route entre r\u00e9p\u00e9tition et origines\u00a0\u00bb <a href=\"https:\/\/bibliotheque-sfpe-at.com\/index.php\/revue-numerique-no-1\/\">https:\/\/bibliotheque-sfpe-at.com\/index.php\/revue-numerique-no-1\/<\/a><\/p>\n\n\n\n<p><\/p>\n\n\n\n<p>Mon travail est supervis\u00e9 et se r\u00e9f\u00e8re au <a href=\"https:\/\/lagradiva-art-therapie.fr\/images\/_PDF\/lpat-code-de-deontologie.pdf\">code de d\u00e9ontologie de la Ligue Professionnelle d&rsquo;Art-Th\u00e9rapie<\/a><\/p>\n\n\n\n<figure class=\"wp-block-image size-full is-resized\"><img loading=\"lazy\" decoding=\"async\" width=\"821\" height=\"299\" src=\"https:\/\/xn--art-thrapie33-ghb.fr\/wp-content\/uploads\/2025\/09\/Logo-LPAT-Bis-1.jpg\" alt=\"\" class=\"wp-image-268\" style=\"width:254px;height:auto\" srcset=\"https:\/\/xn--art-thrapie33-ghb.fr\/wp-content\/uploads\/2025\/09\/Logo-LPAT-Bis-1.jpg 821w, https:\/\/xn--art-thrapie33-ghb.fr\/wp-content\/uploads\/2025\/09\/Logo-LPAT-Bis-1-300x109.jpg 300w, https:\/\/xn--art-thrapie33-ghb.fr\/wp-content\/uploads\/2025\/09\/Logo-LPAT-Bis-1-768x280.jpg 768w\" sizes=\"auto, (max-width: 821px) 100vw, 821px\" \/><\/figure>\n\n\n\n<p><\/p>\n","protected":false},"excerpt":{"rendered":"<p>Armelle Cuisinier Je suis art-th\u00e9rapeute contemporaine (Certificat de niveau 6 au RNCP reconnu par l\u2019Etat &#8211; Formation Profac sous la Direction de Jean-Pierre et Fabienne Royol), musicoth\u00e9rapeute (Certifi\u00e9e &#8211; Formation Ambx) et \u00e9ducatrice sp\u00e9cialis\u00e9e (DEES) Annuaires des art-th\u00e9rapeutes professionnels Forte de mon exp\u00e9rience professionnelle en tant qu\u2019\u00e9ducatrice sp\u00e9cialis\u00e9e dans le domaine m\u00e9dico-social, aupr\u00e8s de personnes&#8230;<\/p>\n","protected":false},"author":1,"featured_media":0,"parent":0,"menu_order":0,"comment_status":"closed","ping_status":"closed","template":"","meta":{"_kad_post_transparent":"","_kad_post_title":"","_kad_post_layout":"","_kad_post_sidebar_id":"","_kad_post_content_style":"","_kad_post_vertical_padding":"","_kad_post_feature":"","_kad_post_feature_position":"","_kad_post_header":false,"_kad_post_footer":false,"footnotes":""},"class_list":["post-88","page","type-page","status-publish","hentry"],"_links":{"self":[{"href":"https:\/\/xn--art-thrapie33-ghb.fr\/index.php\/wp-json\/wp\/v2\/pages\/88","targetHints":{"allow":["GET"]}}],"collection":[{"href":"https:\/\/xn--art-thrapie33-ghb.fr\/index.php\/wp-json\/wp\/v2\/pages"}],"about":[{"href":"https:\/\/xn--art-thrapie33-ghb.fr\/index.php\/wp-json\/wp\/v2\/types\/page"}],"author":[{"embeddable":true,"href":"https:\/\/xn--art-thrapie33-ghb.fr\/index.php\/wp-json\/wp\/v2\/users\/1"}],"replies":[{"embeddable":true,"href":"https:\/\/xn--art-thrapie33-ghb.fr\/index.php\/wp-json\/wp\/v2\/comments?post=88"}],"version-history":[{"count":27,"href":"https:\/\/xn--art-thrapie33-ghb.fr\/index.php\/wp-json\/wp\/v2\/pages\/88\/revisions"}],"predecessor-version":[{"id":417,"href":"https:\/\/xn--art-thrapie33-ghb.fr\/index.php\/wp-json\/wp\/v2\/pages\/88\/revisions\/417"}],"wp:attachment":[{"href":"https:\/\/xn--art-thrapie33-ghb.fr\/index.php\/wp-json\/wp\/v2\/media?parent=88"}],"curies":[{"name":"wp","href":"https:\/\/api.w.org\/{rel}","templated":true}]}}

<figure class="wp-block-image size-full is-resized"><img loading="lazy" decoding="async" width="2045" height="1725" src="https://xn--art-thrapie33-ghb.fr/wp-content/uploads/2026/02/1000019632-bis-plus-couleurs-plus-chaleur-avec-encore-moins-de-nettete.jpg" alt="" class="wp-image-405" style="width:163px;height:auto" srcset="https://xn--art-thrapie33-ghb.fr/wp-content/uploads/2026/02/1000019632-bis-plus-couleurs-plus-chaleur-avec-encore-moins-de-nettete.jpg 2045w, https://xn--art-thrapie33-ghb.fr/wp-content/uploads/2026/02/1000019632-bis-plus-couleurs-plus-chaleur-avec-encore-moins-de-nettete-300x253.jpg 300w, https://xn--art-thrapie33-ghb.fr/wp-content/uploads/2026/02/1000019632-bis-plus-couleurs-plus-chaleur-avec-encore-moins-de-nettete-1024x864.jpg 1024w, https://xn--art-thrapie33-ghb.fr/wp-content/uploads/2026/02/1000019632-bis-plus-couleurs-plus-chaleur-avec-encore-moins-de-nettete-768x648.jpg 768w, https://xn--art-thrapie33-ghb.fr/wp-content/uploads/2026/02/1000019632-bis-plus-couleurs-plus-chaleur-avec-encore-moins-de-nettete-1536x1296.jpg 1536w" sizes="auto, (max-width: 2045px) 100vw, 2045px" /></figure>



<p>Armelle Cuisinier</p>



<p>Je suis art-thérapeute contemporaine (Certificat de niveau 6 au <a href="https://www.francecompetences.fr/?format=fr&amp;fiche=13091">RNCP</a> reconnu par l’Etat &#8211; Formation <a href="https://www.artherapie.com/">Profac</a> sous la Direction de Jean-Pierre et Fabienne Royol), musicothérapeute (Certifiée &#8211; Formation <a href="https://ateliers-ambx.net/">Ambx</a>) et éducatrice spécialisée (DEES)</p>



<p><a href="https://www.artherapeutes.com/Cuisinier-Armelle_a95.html">Annuaires des art-thérapeutes professionnels</a></p>



<p></p>



<p>Forte de mon expérience professionnelle en tant qu’éducatrice spécialisée dans le domaine médico-social, auprès de personnes fragiles (adultes, enfants, adolescents), j’exerce l’art-thérapie contemporaine © depuis 2018 en cabinet privé et dans diverses Institutions du champ du soin, avec le statut d&rsquo;auto-entrepreneur (<em>Micro-entreprise «&nbsp;L’Air de rien&nbsp;»</em> &#8211;<em>N° de SIRET&nbsp;: 839 711 025 00016</em>.)</p>



<p>Je mets également en place des ateliers d’expression créative et de médiation artistique en Institutions, notamment en musicothérapie.</p>



<p>Investie dans la recherche à partir de la clinique, j’organise, depuis 2018, des réunions de travail en tant que déléguée Nouvelle Aquitaine de la <a href="https://artherapie.levillage.org/">LPAT</a> (Ligue Professionnelle d’Art-Thérapie).</p>



<p>Je suis en formation continue et suis intervenue dans des colloques : Syndromes de stress post-traumatique (Direction Enfance Famille de la Gironde), Intervenante aux tables rondes des Journées d&rsquo;automne 2024 la <a href="https://www.sfpeat.com/">SFPE-AT</a> (Société Française de Psychopathologie de l’Expression et d&rsquo;Art-Thérapie) &#8211; texte élaboratif paru dans la 1ère revue numérique « Carnet de route entre répétition et origines » <a href="https://bibliotheque-sfpe-at.com/index.php/revue-numerique-no-1/">https://bibliotheque-sfpe-at.com/index.php/revue-numerique-no-1/</a></p>



<p></p>



<p>Mon travail est supervisé et se réfère au <a href="https://lagradiva-art-therapie.fr/images/_PDF/lpat-code-de-deontologie.pdf">code de déontologie de la Ligue Professionnelle d&rsquo;Art-Thérapie</a></p>



<figure class="wp-block-image size-full is-resized"><img loading="lazy" decoding="async" width="821" height="299" src="https://xn--art-thrapie33-ghb.fr/wp-content/uploads/2025/09/Logo-LPAT-Bis-1.jpg" alt="" class="wp-image-268" style="width:254px;height:auto" srcset="https://xn--art-thrapie33-ghb.fr/wp-content/uploads/2025/09/Logo-LPAT-Bis-1.jpg 821w, https://xn--art-thrapie33-ghb.fr/wp-content/uploads/2025/09/Logo-LPAT-Bis-1-300x109.jpg 300w, https://xn--art-thrapie33-ghb.fr/wp-content/uploads/2025/09/Logo-LPAT-Bis-1-768x280.jpg 768w" sizes="auto, (max-width: 821px) 100vw, 821px" /></figure>



<p></p>

<p>Armelle Cuisinier Je suis art-thérapeute contemporaine (Certificat de niveau 6 au RNCP reconnu par l’Etat &#8211; Formation Profac sous la Direction de Jean-Pierre et Fabienne Royol), musicothérapeute (Certifiée &#8211; Formation Ambx) et éducatrice spécialisée (DEES) Annuaires des art-thérapeutes professionnels Forte de mon expérience professionnelle en tant qu’éducatrice spécialisée dans le domaine médico-social, auprès de personnes&#8230;</p>
